{"id":3856,"date":"2025-04-15T18:37:40","date_gmt":"2025-04-15T18:37:40","guid":{"rendered":"https:\/\/young-authentic.com\/complexo-residencial\/"},"modified":"2025-04-20T13:51:41","modified_gmt":"2025-04-20T13:51:41","slug":"complexo-residencial","status":"publish","type":"page","link":"https:\/\/young-authentic.com\/pt-pt\/complexo-residencial\/","title":{"rendered":"Complexo residencial"},"content":{"rendered":"<p>[et_pb_section fb_built=&#8221;1&#8243; _builder_version=&#8221;4.27.4&#8243; _module_preset=&#8221;default&#8221; background_color=&#8221;rgba(224,159,17,0.24)&#8221; global_colors_info=&#8221;{}&#8221;][et_pb_row custom_padding_last_edited=&#8221;on|desktop&#8221; _builder_version=&#8221;4.16&#8243; custom_padding=&#8221;||0px||false|false&#8221; custom_padding_tablet=&#8221;0px||0px||true|false&#8221; custom_padding_phone=&#8221;0px||0px||true|false&#8221; global_colors_info=&#8221;{}&#8221;][et_pb_column type=&#8221;4_4&#8243; _builder_version=&#8221;4.16&#8243; global_colors_info=&#8221;{}&#8221;][et_pb_text _builder_version=&#8221;4.27.4&#8243; text_font=&#8221;Gayathri|700|||||||&#8221; text_text_color=&#8221;rgba(0,132,155,0.82)&#8221; text_font_size=&#8221;28px&#8221; text_letter_spacing=&#8221;2px&#8221; global_colors_info=&#8221;{}&#8221;]<\/p>\n<p>Complexo residencial<\/p>\n<p>[\/et_pb_text][\/et_pb_column][\/et_pb_row][et_pb_row _builder_version=&#8221;4.27.4&#8243; _module_preset=&#8221;default&#8221; global_colors_info=&#8221;{}&#8221;][et_pb_column type=&#8221;4_4&#8243; _builder_version=&#8221;4.27.4&#8243; _module_preset=&#8221;default&#8221; global_colors_info=&#8221;{}&#8221;][et_pb_text _builder_version=&#8221;4.27.4&#8243; _module_preset=&#8221;default&#8221; text_font=&#8221;Gayathri||||||||&#8221; text_text_color=&#8221;#633b00&#8243; text_font_size=&#8221;18px&#8221; text_letter_spacing=&#8221;2px&#8221; global_colors_info=&#8221;{}&#8221;]<\/p>\n<p><span style=\"font-weight: 400;\">Claudia veio a este lugar pela primeira vez em agosto de 1989.<\/span><span style=\"font-weight: 400;\"><br \/><\/span><span style=\"font-weight: 400;\">Ao longo das d\u00e9cadas, muita coisa mudou para melhor em Raman Valley &#8211; foi criado um complexo residencial bem cuidado.<\/span><span style=\"font-weight: 400;\"><br \/><\/span><span style=\"font-weight: 400;\"><br \/><\/span><span style=\"font-weight: 400;\">A casa de adobe alongada com 100 anos foi dividida em duas unidades residenciais separadas.<\/span><span style=\"font-weight: 400;\"><br \/><\/span><span style=\"font-weight: 400;\">Dois grandes terra\u00e7os em frente \u00e0 casa est\u00e3o rodeados por palmeiras, suculentas e arbustos de orleandro.<\/span><span style=\"font-weight: 400;\"><br \/><\/span><span style=\"font-weight: 400;\">Pequenos canteiros de flores e vasos adornam este espa\u00e7o.<\/span><\/p>\n<p><span style=\"font-weight: 400;\">Um grande abacateiro, uma ilha de bananas e uma figueira proporcionam sombra natural no terra\u00e7o.<\/span><\/p>\n<p><tmpopup style=\"top: 807px; left: 304.367px;\"><tmpopupcolor style=\"background: #dd99ff;\" id=\"tmpopupcolor--1\"><\/tmpopupcolor><tmpopupcolor style=\"background: #66bbff;\" id=\"tmpopupcolor--2\"><\/tmpopupcolor><tmpopupcolor style=\"background: #55ff55;\" id=\"tmpopupcolor--3\"><\/tmpopupcolor><tmpopupcolor style=\"background: #ff6666;\" id=\"tmpopupcolor--4\"><\/tmpopupcolor><tmpopupcolor style=\"background: #ffcc00;\" id=\"tmpopupcolor--5\"><\/tmpopupcolor><tmpopupcolor style=\"background: #ffee00;\" id=\"tmpopupcolor--m\"><\/tmpopupcolor><\/tmpopup><\/p>\n<p>[\/et_pb_text][\/et_pb_column][\/et_pb_row][et_pb_row _builder_version=&#8221;4.27.4&#8243; _module_preset=&#8221;default&#8221; custom_margin=&#8221;-55px||||false|false&#8221; global_colors_info=&#8221;{}&#8221;][et_pb_column type=&#8221;4_4&#8243; _builder_version=&#8221;4.27.4&#8243; _module_preset=&#8221;default&#8221; global_colors_info=&#8221;{}&#8221;][et_pb_text _builder_version=&#8221;4.27.4&#8243; _module_preset=&#8221;default&#8221; text_font=&#8221;Gayathri||||||||&#8221; text_text_color=&#8221;#633b00&#8243; text_font_size=&#8221;18px&#8221; text_letter_spacing=&#8221;2px&#8221; global_colors_info=&#8221;{}&#8221;]<\/p>\n<p><span style=\"color: rgba(0, 132, 155, 0.82);\"><b>O jardim<\/b><\/span><span style=\"font-weight: 400;\"><br \/><\/span><span style=\"font-weight: 400;\">O jardim em socalcos est\u00e1 equipado com canteiros preparados para que possas come\u00e7ar a cultivar os teus pr\u00f3prios legumes imediatamente. Existe tamb\u00e9m um pequeno terra\u00e7o com ervas arom\u00e1ticas mesmo ao lado da casa <\/span><span style=\"font-weight: 400;\">  para ti.<br \/><\/span><span style=\"font-weight: 400;\"><br \/><\/span><span style=\"font-weight: 400;\">Uma popula\u00e7\u00e3o arb\u00f3rea de cerca de 25 laranjeiras e limoeiros, bem como uma macieira, uma pereira, uma ameixeira, um damasqueiro, um pessegueiro, uma pequena mangueira e uma rom\u00e3zeira podem ser utilizados por ti para uso pr\u00f3prio.<\/p>\n<p>Aqui encontrar\u00e1s as unidades residenciais junto a um belo terreno:<\/span><\/p>\n<p>[\/et_pb_text][\/et_pb_column][\/et_pb_row][et_pb_row column_structure=&#8221;1_5,1_5,1_5,1_5,1_5&#8243; _builder_version=&#8221;4.27.4&#8243; custom_padding=&#8221;0px||||false|false&#8221; global_colors_info=&#8221;{}&#8221; theme_builder_area=&#8221;post_content&#8221;][et_pb_column type=&#8221;1_5&#8243; _builder_version=&#8221;4.16&#8243; global_colors_info=&#8221;{}&#8221; theme_builder_area=&#8221;post_content&#8221;][et_pb_button button_url=&#8221;https:\/\/young-authentic.com\/pt-pt\/vale-de-raman\/&#8221; url_new_window=&#8221;on&#8221; button_text=&#8221;Vale de Raman&#8221; button_alignment=&#8221;center&#8221; _builder_version=&#8221;4.27.4&#8243; custom_button=&#8221;on&#8221; button_text_size=&#8221;18px&#8221; button_text_color=&#8221;rgba(0,132,155,0.82)&#8221; button_border_width=&#8221;2px&#8221; custom_padding=&#8221;0px||0px||false|false&#8221; global_colors_info=&#8221;{}&#8221; theme_builder_area=&#8221;post_content&#8221;][\/et_pb_button][\/et_pb_column][et_pb_column type=&#8221;1_5&#8243; _builder_version=&#8221;4.16&#8243; global_colors_info=&#8221;{}&#8221; theme_builder_area=&#8221;post_content&#8221;][et_pb_button button_url=&#8221;https:\/\/young-authentic.com\/pt-pt\/casa-prema\/&#8221; url_new_window=&#8221;on&#8221; button_text=&#8221;Casa Prema&#8221; button_alignment=&#8221;center&#8221; _builder_version=&#8221;4.27.4&#8243; custom_button=&#8221;on&#8221; button_text_size=&#8221;18px&#8221; button_text_color=&#8221;rgba(0,132,155,0.82)&#8221; button_border_width=&#8221;2px&#8221; custom_padding=&#8221;0px||0px||true|false&#8221; global_colors_info=&#8221;{}&#8221; theme_builder_area=&#8221;post_content&#8221;][\/et_pb_button][\/et_pb_column][et_pb_column type=&#8221;1_5&#8243; _builder_version=&#8221;4.16&#8243; global_colors_info=&#8221;{}&#8221; theme_builder_area=&#8221;post_content&#8221;][et_pb_button button_url=&#8221;https:\/\/young-authentic.com\/pt-pt\/casa-manjari\/&#8221; url_new_window=&#8221;on&#8221; button_text=&#8221;Casa Manjari&#8221; button_alignment=&#8221;center&#8221; _builder_version=&#8221;4.27.4&#8243; custom_button=&#8221;on&#8221; button_text_size=&#8221;18px&#8221; button_text_color=&#8221;rgba(0,132,155,0.82)&#8221; button_border_width=&#8221;2px&#8221; custom_padding=&#8221;0px||0px||true|false&#8221; global_colors_info=&#8221;{}&#8221; theme_builder_area=&#8221;post_content&#8221;][\/et_pb_button][\/et_pb_column][et_pb_column type=&#8221;1_5&#8243; _builder_version=&#8221;4.16&#8243; global_colors_info=&#8221;{}&#8221; theme_builder_area=&#8221;post_content&#8221;][et_pb_button button_url=&#8221;https:\/\/young-authentic.com\/pt-pt\/wohnwagen-shila\/&#8221; url_new_window=&#8221;on&#8221; button_text=&#8221;Caravana Shila&#8221; button_alignment=&#8221;center&#8221; _builder_version=&#8221;4.27.4&#8243; custom_button=&#8221;on&#8221; button_text_size=&#8221;18px&#8221; button_text_color=&#8221;rgba(0,132,155,0.82)&#8221; button_border_width=&#8221;2px&#8221; custom_padding=&#8221;0px||0px||true|false&#8221; global_colors_info=&#8221;{}&#8221; theme_builder_area=&#8221;post_content&#8221;][\/et_pb_button][\/et_pb_column][et_pb_column type=&#8221;1_5&#8243; _builder_version=&#8221;4.16&#8243; global_colors_info=&#8221;{}&#8221; theme_builder_area=&#8221;post_content&#8221;][et_pb_button button_url=&#8221;https:\/\/young-authentic.com\/pt-pt\/lanca-o-vrinda\/&#8221; url_new_window=&#8221;on&#8221; button_text=&#8221;Lan\u00e7a o Vrinda&#8221; button_alignment=&#8221;center&#8221; _builder_version=&#8221;4.27.4&#8243; custom_button=&#8221;on&#8221; button_text_size=&#8221;18px&#8221; button_text_color=&#8221;rgba(0,132,155,0.82)&#8221; button_border_width=&#8221;2px&#8221; custom_padding=&#8221;0px||0px||true|false&#8221; global_colors_info=&#8221;{}&#8221; theme_builder_area=&#8221;post_content&#8221;][\/et_pb_button][\/et_pb_column][\/et_pb_row][et_pb_row _builder_version=&#8221;4.27.4&#8243; _module_preset=&#8221;default&#8221; custom_margin=&#8221;-29px||||false|false&#8221; global_colors_info=&#8221;{}&#8221;][et_pb_column type=&#8221;4_4&#8243; _builder_version=&#8221;4.27.4&#8243; _module_preset=&#8221;default&#8221; global_colors_info=&#8221;{}&#8221;][et_pb_text _builder_version=&#8221;4.27.4&#8243; _module_preset=&#8221;default&#8221; text_font=&#8221;Gayathri||||||||&#8221; text_text_color=&#8221;#633b00&#8243; text_font_size=&#8221;18px&#8221; text_letter_spacing=&#8221;2px&#8221; global_colors_info=&#8221;{}&#8221;]<\/p>\n<p><span style=\"color: rgba(0, 132, 155, 0.82);\"><b>Alimenta\u00e7\u00e3o el\u00e9ctrica<\/b><\/span><span style=\"font-weight: 400;\"><br \/><\/span><span style=\"font-weight: 400;\">Todas as unidades residenciais s\u00e3o alimentadas exclusivamente por energia solar &#8211;<br \/>, o que est\u00e1 de acordo com a nossa consci\u00eancia ecol\u00f3gica.<br \/><\/span><b><br \/><\/b><span style=\"color: rgba(0, 132, 155, 0.82);\"><b>A \u00e1gua<\/b><\/span><span style=\"font-weight: 400;\"><br \/><\/span><span style=\"font-weight: 400;\">A \u00e1gua prov\u00e9m de uma antiga fonte natural mourisca.<\/span><\/p>\n<p><span style=\"color: rgba(0, 132, 155, 0.82);\"><b>Internet<\/b><\/span><span style=\"font-weight: 400;\"><br \/><\/span><span style=\"font-weight: 400;\">Recentemente, todos os inquilinos das unidades residenciais, com exce\u00e7\u00e3o do parque de estacionamento Vrinda, puderam utilizar o acesso \u00e0 Internet de alta velocidade atrav\u00e9s do Starlink.<br \/><\/span><span style=\"font-weight: 400;\"><br \/><\/span><span style=\"color: rgba(0, 132, 155, 0.82);\"><b>Estrada de acesso<\/b><\/span><span style=\"font-weight: 400;\"><br \/><\/span><span style=\"font-weight: 400;\">H\u00e1 dois caminhos que conduzem \u00e0s nossas instala\u00e7\u00f5es<\/span><span style=\"font-weight: 400;\">:<br \/><\/span><span style=\"font-weight: 400;\">1. Um caminho passa por uma floresta de eucaliptos, com cerca de 1,2 km de estrada de pampa n\u00e3o pavimentada e fica mais perto de Aljezur.<\/span><span style=\"font-weight: 400;\"><br \/><\/span><span style=\"font-weight: 400;\">2. este caminho percorre cerca de 800 metros ao longo de um pequeno lago, passando por uma t\u00edpica zona habitacional portuguesa, mas deserta, at\u00e9 \u00e0 estrada principal e tem um declive acentuado no in\u00edcio -&gt; N\u00e3o \u00e9 adequado para carrinhas e ve\u00edculos pesados com chuva forte.<\/span><\/p>\n<p><tmpopup style=\"top: 0px; left: 11px;\"><tmpopupcolor style=\"background: #dd99ff;\" id=\"tmpopupcolor--1\"><\/tmpopupcolor><tmpopupcolor style=\"background: #66bbff;\" id=\"tmpopupcolor--2\"><\/tmpopupcolor><tmpopupcolor style=\"background: #55ff55;\" id=\"tmpopupcolor--3\"><\/tmpopupcolor><tmpopupcolor style=\"background: #ff6666;\" id=\"tmpopupcolor--4\"><\/tmpopupcolor><tmpopupcolor style=\"background: #ffcc00;\" id=\"tmpopupcolor--5\"><\/tmpopupcolor><tmpopupcolor style=\"background: #ffee00;\" id=\"tmpopupcolor--m\"><\/tmpopupcolor><\/tmpopup><\/p>\n<p>[\/et_pb_text][\/et_pb_column][\/et_pb_row][\/et_pb_section]<\/p>\n","protected":false},"excerpt":{"rendered":"<p>Complexo residencialClaudia veio a este lugar pela primeira vez em agosto de 1989.Ao longo das d\u00e9cadas, muita coisa mudou para melhor em Raman Valley &#8211; foi criado um complexo residencial bem cuidado.A casa de adobe alongada com 100 anos foi dividida em duas unidades residenciais separadas.Dois grandes terra\u00e7os em frente \u00e0 casa est\u00e3o rodeados por [&hellip;]<\/p>\n","protected":false},"author":1,"featured_media":0,"parent":0,"menu_order":0,"comment_status":"closed","ping_status":"closed","template":"","meta":{"_et_pb_use_builder":"on","_et_pb_old_content":"","_et_gb_content_width":"","footnotes":""},"class_list":["post-3856","page","type-page","status-publish","hentry"],"_links":{"self":[{"href":"https:\/\/young-authentic.com\/pt-pt\/wp-json\/wp\/v2\/pages\/3856","targetHints":{"allow":["GET"]}}],"collection":[{"href":"https:\/\/young-authentic.com\/pt-pt\/wp-json\/wp\/v2\/pages"}],"about":[{"href":"https:\/\/young-authentic.com\/pt-pt\/wp-json\/wp\/v2\/types\/page"}],"author":[{"embeddable":true,"href":"https:\/\/young-authentic.com\/pt-pt\/wp-json\/wp\/v2\/users\/1"}],"replies":[{"embeddable":true,"href":"https:\/\/young-authentic.com\/pt-pt\/wp-json\/wp\/v2\/comments?post=3856"}],"version-history":[{"count":12,"href":"https:\/\/young-authentic.com\/pt-pt\/wp-json\/wp\/v2\/pages\/3856\/revisions"}],"predecessor-version":[{"id":4698,"href":"https:\/\/young-authentic.com\/pt-pt\/wp-json\/wp\/v2\/pages\/3856\/revisions\/4698"}],"wp:attachment":[{"href":"https:\/\/young-authentic.com\/pt-pt\/wp-json\/wp\/v2\/media?parent=3856"}],"curies":[{"name":"wp","href":"https:\/\/api.w.org\/{rel}","templated":true}]}}

<p>[et_pb_section fb_built=&#8221;1&#8243; _builder_version=&#8221;4.27.4&#8243; _module_preset=&#8221;default&#8221; background_color=&#8221;rgba(224,159,17,0.24)&#8221; global_colors_info=&#8221;{}&#8221;][et_pb_row custom_padding_last_edited=&#8221;on|desktop&#8221; _builder_version=&#8221;4.16&#8243; custom_padding=&#8221;||0px||false|false&#8221; custom_padding_tablet=&#8221;0px||0px||true|false&#8221; custom_padding_phone=&#8221;0px||0px||true|false&#8221; global_colors_info=&#8221;{}&#8221;][et_pb_column type=&#8221;4_4&#8243; _builder_version=&#8221;4.16&#8243; global_colors_info=&#8221;{}&#8221;][et_pb_text _builder_version=&#8221;4.27.4&#8243; text_font=&#8221;Gayathri|700|||||||&#8221; text_text_color=&#8221;rgba(0,132,155,0.82)&#8221; text_font_size=&#8221;28px&#8221; text_letter_spacing=&#8221;2px&#8221; global_colors_info=&#8221;{}&#8221;]</p>
<p>Complexo residencial</p>
<p>[/et_pb_text][/et_pb_column][/et_pb_row][et_pb_row _builder_version=&#8221;4.27.4&#8243; _module_preset=&#8221;default&#8221; global_colors_info=&#8221;{}&#8221;][et_pb_column type=&#8221;4_4&#8243; _builder_version=&#8221;4.27.4&#8243; _module_preset=&#8221;default&#8221; global_colors_info=&#8221;{}&#8221;][et_pb_text _builder_version=&#8221;4.27.4&#8243; _module_preset=&#8221;default&#8221; text_font=&#8221;Gayathri||||||||&#8221; text_text_color=&#8221;#633b00&#8243; text_font_size=&#8221;18px&#8221; text_letter_spacing=&#8221;2px&#8221; global_colors_info=&#8221;{}&#8221;]</p>
<p><span style="font-weight: 400;">Claudia veio a este lugar pela primeira vez em agosto de 1989.</span><span style="font-weight: 400;"><br /></span><span style="font-weight: 400;">Ao longo das décadas, muita coisa mudou para melhor em Raman Valley &#8211; foi criado um complexo residencial bem cuidado.</span><span style="font-weight: 400;"><br /></span><span style="font-weight: 400;"><br /></span><span style="font-weight: 400;">A casa de adobe alongada com 100 anos foi dividida em duas unidades residenciais separadas.</span><span style="font-weight: 400;"><br /></span><span style="font-weight: 400;">Dois grandes terraços em frente à casa estão rodeados por palmeiras, suculentas e arbustos de orleandro.</span><span style="font-weight: 400;"><br /></span><span style="font-weight: 400;">Pequenos canteiros de flores e vasos adornam este espaço.</span></p>
<p><span style="font-weight: 400;">Um grande abacateiro, uma ilha de bananas e uma figueira proporcionam sombra natural no terraço.</span></p>
<p><tmpopup style="top: 807px; left: 304.367px;"><tmpopupcolor style="background: #dd99ff;" id="tmpopupcolor--1"></tmpopupcolor><tmpopupcolor style="background: #66bbff;" id="tmpopupcolor--2"></tmpopupcolor><tmpopupcolor style="background: #55ff55;" id="tmpopupcolor--3"></tmpopupcolor><tmpopupcolor style="background: #ff6666;" id="tmpopupcolor--4"></tmpopupcolor><tmpopupcolor style="background: #ffcc00;" id="tmpopupcolor--5"></tmpopupcolor><tmpopupcolor style="background: #ffee00;" id="tmpopupcolor--m"></tmpopupcolor></tmpopup></p>
<p>[/et_pb_text][/et_pb_column][/et_pb_row][et_pb_row _builder_version=&#8221;4.27.4&#8243; _module_preset=&#8221;default&#8221; custom_margin=&#8221;-55px||||false|false&#8221; global_colors_info=&#8221;{}&#8221;][et_pb_column type=&#8221;4_4&#8243; _builder_version=&#8221;4.27.4&#8243; _module_preset=&#8221;default&#8221; global_colors_info=&#8221;{}&#8221;][et_pb_text _builder_version=&#8221;4.27.4&#8243; _module_preset=&#8221;default&#8221; text_font=&#8221;Gayathri||||||||&#8221; text_text_color=&#8221;#633b00&#8243; text_font_size=&#8221;18px&#8221; text_letter_spacing=&#8221;2px&#8221; global_colors_info=&#8221;{}&#8221;]</p>
<p><span style="color: rgba(0, 132, 155, 0.82);"><b>O jardim</b></span><span style="font-weight: 400;"><br /></span><span style="font-weight: 400;">O jardim em socalcos está equipado com canteiros preparados para que possas começar a cultivar os teus próprios legumes imediatamente. Existe também um pequeno terraço com ervas aromáticas mesmo ao lado da casa </span><span style="font-weight: 400;">  para ti.<br /></span><span style="font-weight: 400;"><br /></span><span style="font-weight: 400;">Uma população arbórea de cerca de 25 laranjeiras e limoeiros, bem como uma macieira, uma pereira, uma ameixeira, um damasqueiro, um pessegueiro, uma pequena mangueira e uma romãzeira podem ser utilizados por ti para uso próprio.</p>
<p>Aqui encontrarás as unidades residenciais junto a um belo terreno:</span></p>
<p>[/et_pb_text][/et_pb_column][/et_pb_row][et_pb_row column_structure=&#8221;1_5,1_5,1_5,1_5,1_5&#8243; _builder_version=&#8221;4.27.4&#8243; custom_padding=&#8221;0px||||false|false&#8221; global_colors_info=&#8221;{}&#8221; theme_builder_area=&#8221;post_content&#8221;][et_pb_column type=&#8221;1_5&#8243; _builder_version=&#8221;4.16&#8243; global_colors_info=&#8221;{}&#8221; theme_builder_area=&#8221;post_content&#8221;][et_pb_button button_url=&#8221;https://young-authentic.com/pt-pt/vale-de-raman/&#8221; url_new_window=&#8221;on&#8221; button_text=&#8221;Vale de Raman&#8221; button_alignment=&#8221;center&#8221; _builder_version=&#8221;4.27.4&#8243; custom_button=&#8221;on&#8221; button_text_size=&#8221;18px&#8221; button_text_color=&#8221;rgba(0,132,155,0.82)&#8221; button_border_width=&#8221;2px&#8221; custom_padding=&#8221;0px||0px||false|false&#8221; global_colors_info=&#8221;{}&#8221; theme_builder_area=&#8221;post_content&#8221;][/et_pb_button][/et_pb_column][et_pb_column type=&#8221;1_5&#8243; _builder_version=&#8221;4.16&#8243; global_colors_info=&#8221;{}&#8221; theme_builder_area=&#8221;post_content&#8221;][et_pb_button button_url=&#8221;https://young-authentic.com/pt-pt/casa-prema/&#8221; url_new_window=&#8221;on&#8221; button_text=&#8221;Casa Prema&#8221; button_alignment=&#8221;center&#8221; _builder_version=&#8221;4.27.4&#8243; custom_button=&#8221;on&#8221; button_text_size=&#8221;18px&#8221; button_text_color=&#8221;rgba(0,132,155,0.82)&#8221; button_border_width=&#8221;2px&#8221; custom_padding=&#8221;0px||0px||true|false&#8221; global_colors_info=&#8221;{}&#8221; theme_builder_area=&#8221;post_content&#8221;][/et_pb_button][/et_pb_column][et_pb_column type=&#8221;1_5&#8243; _builder_version=&#8221;4.16&#8243; global_colors_info=&#8221;{}&#8221; theme_builder_area=&#8221;post_content&#8221;][et_pb_button button_url=&#8221;https://young-authentic.com/pt-pt/casa-manjari/&#8221; url_new_window=&#8221;on&#8221; button_text=&#8221;Casa Manjari&#8221; button_alignment=&#8221;center&#8221; _builder_version=&#8221;4.27.4&#8243; custom_button=&#8221;on&#8221; button_text_size=&#8221;18px&#8221; button_text_color=&#8221;rgba(0,132,155,0.82)&#8221; button_border_width=&#8221;2px&#8221; custom_padding=&#8221;0px||0px||true|false&#8221; global_colors_info=&#8221;{}&#8221; theme_builder_area=&#8221;post_content&#8221;][/et_pb_button][/et_pb_column][et_pb_column type=&#8221;1_5&#8243; _builder_version=&#8221;4.16&#8243; global_colors_info=&#8221;{}&#8221; theme_builder_area=&#8221;post_content&#8221;][et_pb_button button_url=&#8221;https://young-authentic.com/pt-pt/wohnwagen-shila/&#8221; url_new_window=&#8221;on&#8221; button_text=&#8221;Caravana Shila&#8221; button_alignment=&#8221;center&#8221; _builder_version=&#8221;4.27.4&#8243; custom_button=&#8221;on&#8221; button_text_size=&#8221;18px&#8221; button_text_color=&#8221;rgba(0,132,155,0.82)&#8221; button_border_width=&#8221;2px&#8221; custom_padding=&#8221;0px||0px||true|false&#8221; global_colors_info=&#8221;{}&#8221; theme_builder_area=&#8221;post_content&#8221;][/et_pb_button][/et_pb_column][et_pb_column type=&#8221;1_5&#8243; _builder_version=&#8221;4.16&#8243; global_colors_info=&#8221;{}&#8221; theme_builder_area=&#8221;post_content&#8221;][et_pb_button button_url=&#8221;https://young-authentic.com/pt-pt/lanca-o-vrinda/&#8221; url_new_window=&#8221;on&#8221; button_text=&#8221;Lança o Vrinda&#8221; button_alignment=&#8221;center&#8221; _builder_version=&#8221;4.27.4&#8243; custom_button=&#8221;on&#8221; button_text_size=&#8221;18px&#8221; button_text_color=&#8221;rgba(0,132,155,0.82)&#8221; button_border_width=&#8221;2px&#8221; custom_padding=&#8221;0px||0px||true|false&#8221; global_colors_info=&#8221;{}&#8221; theme_builder_area=&#8221;post_content&#8221;][/et_pb_button][/et_pb_column][/et_pb_row][et_pb_row _builder_version=&#8221;4.27.4&#8243; _module_preset=&#8221;default&#8221; custom_margin=&#8221;-29px||||false|false&#8221; global_colors_info=&#8221;{}&#8221;][et_pb_column type=&#8221;4_4&#8243; _builder_version=&#8221;4.27.4&#8243; _module_preset=&#8221;default&#8221; global_colors_info=&#8221;{}&#8221;][et_pb_text _builder_version=&#8221;4.27.4&#8243; _module_preset=&#8221;default&#8221; text_font=&#8221;Gayathri||||||||&#8221; text_text_color=&#8221;#633b00&#8243; text_font_size=&#8221;18px&#8221; text_letter_spacing=&#8221;2px&#8221; global_colors_info=&#8221;{}&#8221;]</p>
<p><span style="color: rgba(0, 132, 155, 0.82);"><b>Alimentação eléctrica</b></span><span style="font-weight: 400;"><br /></span><span style="font-weight: 400;">Todas as unidades residenciais são alimentadas exclusivamente por energia solar &#8211;<br />, o que está de acordo com a nossa consciência ecológica.<br /></span><b><br /></b><span style="color: rgba(0, 132, 155, 0.82);"><b>A água</b></span><span style="font-weight: 400;"><br /></span><span style="font-weight: 400;">A água provém de uma antiga fonte natural mourisca.</span></p>
<p><span style="color: rgba(0, 132, 155, 0.82);"><b>Internet</b></span><span style="font-weight: 400;"><br /></span><span style="font-weight: 400;">Recentemente, todos os inquilinos das unidades residenciais, com exceção do parque de estacionamento Vrinda, puderam utilizar o acesso à Internet de alta velocidade através do Starlink.<br /></span><span style="font-weight: 400;"><br /></span><span style="color: rgba(0, 132, 155, 0.82);"><b>Estrada de acesso</b></span><span style="font-weight: 400;"><br /></span><span style="font-weight: 400;">Há dois caminhos que conduzem às nossas instalações</span><span style="font-weight: 400;">:<br /></span><span style="font-weight: 400;">1. Um caminho passa por uma floresta de eucaliptos, com cerca de 1,2 km de estrada de pampa não pavimentada e fica mais perto de Aljezur.</span><span style="font-weight: 400;"><br /></span><span style="font-weight: 400;">2. este caminho percorre cerca de 800 metros ao longo de um pequeno lago, passando por uma típica zona habitacional portuguesa, mas deserta, até à estrada principal e tem um declive acentuado no início -&gt; Não é adequado para carrinhas e veículos pesados com chuva forte.</span></p>
<p><tmpopup style="top: 0px; left: 11px;"><tmpopupcolor style="background: #dd99ff;" id="tmpopupcolor--1"></tmpopupcolor><tmpopupcolor style="background: #66bbff;" id="tmpopupcolor--2"></tmpopupcolor><tmpopupcolor style="background: #55ff55;" id="tmpopupcolor--3"></tmpopupcolor><tmpopupcolor style="background: #ff6666;" id="tmpopupcolor--4"></tmpopupcolor><tmpopupcolor style="background: #ffcc00;" id="tmpopupcolor--5"></tmpopupcolor><tmpopupcolor style="background: #ffee00;" id="tmpopupcolor--m"></tmpopupcolor></tmpopup></p>
<p>[/et_pb_text][/et_pb_column][/et_pb_row][/et_pb_section]</p>

<p>Complexo residencialClaudia veio a este lugar pela primeira vez em agosto de 1989.Ao longo das décadas, muita coisa mudou para melhor em Raman Valley &#8211; foi criado um complexo residencial bem cuidado.A casa de adobe alongada com 100 anos foi dividida em duas unidades residenciais separadas.Dois grandes terraços em frente à casa estão rodeados por [&hellip;]</p>
