{"id":4247,"date":"2025-04-19T10:22:58","date_gmt":"2025-04-19T10:22:58","guid":{"rendered":"https:\/\/young-authentic.com\/faro-aeroporto\/"},"modified":"2025-04-19T19:37:34","modified_gmt":"2025-04-19T19:37:34","slug":"faro-aeroporto","status":"publish","type":"page","link":"https:\/\/young-authentic.com\/pt-pt\/faro-aeroporto\/","title":{"rendered":"Faro (Aeroporto)"},"content":{"rendered":"<p>[et_pb_section fb_built=&#8221;1&#8243; _builder_version=&#8221;4.27.4&#8243; _module_preset=&#8221;default&#8221; background_color=&#8221;rgba(224,159,17,0.24)&#8221; global_colors_info=&#8221;{}&#8221;][et_pb_row custom_padding_last_edited=&#8221;on|desktop&#8221; _builder_version=&#8221;4.16&#8243; custom_padding=&#8221;||0px||false|false&#8221; custom_padding_tablet=&#8221;0px||0px||true|false&#8221; custom_padding_phone=&#8221;0px||0px||true|false&#8221; global_colors_info=&#8221;{}&#8221;][et_pb_column type=&#8221;4_4&#8243; _builder_version=&#8221;4.16&#8243; global_colors_info=&#8221;{}&#8221;][et_pb_text _builder_version=&#8221;4.27.4&#8243; text_font=&#8221;Gayathri|700|||||||&#8221; text_text_color=&#8221;rgba(0,132,155,0.82)&#8221; text_font_size=&#8221;28px&#8221; text_letter_spacing=&#8221;2px&#8221; global_colors_info=&#8221;{}&#8221;]<\/p>\n<p>Faro (Aeroporto)<\/p>\n<p>[\/et_pb_text][\/et_pb_column][\/et_pb_row][et_pb_row _builder_version=&#8221;4.27.4&#8243; _module_preset=&#8221;default&#8221; global_colors_info=&#8221;{}&#8221;][et_pb_column type=&#8221;4_4&#8243; _builder_version=&#8221;4.27.4&#8243; _module_preset=&#8221;default&#8221; global_colors_info=&#8221;{}&#8221;][et_pb_text _builder_version=&#8221;4.27.4&#8243; _module_preset=&#8221;default&#8221; text_font=&#8221;Gayathri||||||||&#8221; text_text_color=&#8221;#633b00&#8243; text_font_size=&#8221;18px&#8221; text_letter_spacing=&#8221;2px&#8221; hover_enabled=&#8221;0&#8243; global_colors_info=&#8221;{}&#8221; sticky_enabled=&#8221;0&#8243;]<\/p>\n<p><span style=\"font-weight: 400;\">Faro \u00e9 a capital do Algarve com uma popula\u00e7\u00e3o de cerca de 67.500 habitantes, <\/span><span style=\"font-weight: 400;\"><\/span><span style=\"font-weight: 400;\">situa-se a cerca de 100 quil\u00f3metros a sudeste de n\u00f3s e, nos meses de ver\u00e3o, recebe mais turistas do que habitantes.<\/span><span style=\"font-weight: 400;\"><br \/><\/span><span style=\"font-weight: 400;\">Por isso, h\u00e1 muitas ofertas\/eventos. <\/span><span style=\"font-weight: 400;\"><\/span><span style=\"font-weight: 400;\">Encontrar\u00e1s tudo o que precisas aqui.<br \/>Nem todas as ofertas de uma cidade est\u00e3o listadas aqui.<\/span><\/p>\n<p>[\/et_pb_text][\/et_pb_column][\/et_pb_row][et_pb_row _builder_version=&#8221;4.27.4&#8243; _module_preset=&#8221;default&#8221; global_colors_info=&#8221;{}&#8221;][et_pb_column type=&#8221;4_4&#8243; _builder_version=&#8221;4.27.4&#8243; _module_preset=&#8221;default&#8221; global_colors_info=&#8221;{}&#8221;][et_pb_text _builder_version=&#8221;4.27.4&#8243; _module_preset=&#8221;default&#8221; text_font=&#8221;Gayathri||||||||&#8221; text_text_color=&#8221;#633b00&#8243; text_font_size=&#8221;18px&#8221; text_letter_spacing=&#8221;2px&#8221; global_colors_info=&#8221;{}&#8221;]<\/p>\n<p><span style=\"color: rgba(0, 132, 155, 0.82);\"><strong>Carater\u00edsticas especiais<\/p>\n<p><\/strong><\/span><\/p>\n<ul>\n<li><span style=\"font-weight: 400;\">Aeroporto<\/span><\/li>\n<li><span style=\"font-weight: 400;\">Cl\u00ednicas especializadas<\/span><\/li>\n<li><span style=\"font-weight: 400;\">M\u00e9dicos especializados<\/span><\/li>\n<li><span style=\"font-weight: 400;\">IKEA<\/span><\/li>\n<li><span style=\"font-weight: 400;\">Universidade<\/span><\/li>\n<\/ul>\n<p>[\/et_pb_text][\/et_pb_column][\/et_pb_row][\/et_pb_section]<\/p>\n","protected":false},"excerpt":{"rendered":"<p>Faro (Aeroporto)Faro \u00e9 a capital do Algarve com uma popula\u00e7\u00e3o de cerca de 67.500 habitantes, situa-se a cerca de 100 quil\u00f3metros a sudeste de n\u00f3s e, nos meses de ver\u00e3o, recebe mais turistas do que habitantes.Por isso, h\u00e1 muitas ofertas\/eventos. Encontrar\u00e1s tudo o que precisas aqui.Nem todas as ofertas de uma cidade est\u00e3o listadas aqui.Carater\u00edsticas [&hellip;]<\/p>\n","protected":false},"author":1,"featured_media":0,"parent":0,"menu_order":0,"comment_status":"closed","ping_status":"closed","template":"","meta":{"_et_pb_use_builder":"on","_et_pb_old_content":"","_et_gb_content_width":"","footnotes":""},"class_list":["post-4247","page","type-page","status-publish","hentry"],"_links":{"self":[{"href":"https:\/\/young-authentic.com\/pt-pt\/wp-json\/wp\/v2\/pages\/4247","targetHints":{"allow":["GET"]}}],"collection":[{"href":"https:\/\/young-authentic.com\/pt-pt\/wp-json\/wp\/v2\/pages"}],"about":[{"href":"https:\/\/young-authentic.com\/pt-pt\/wp-json\/wp\/v2\/types\/page"}],"author":[{"embeddable":true,"href":"https:\/\/young-authentic.com\/pt-pt\/wp-json\/wp\/v2\/users\/1"}],"replies":[{"embeddable":true,"href":"https:\/\/young-authentic.com\/pt-pt\/wp-json\/wp\/v2\/comments?post=4247"}],"version-history":[{"count":4,"href":"https:\/\/young-authentic.com\/pt-pt\/wp-json\/wp\/v2\/pages\/4247\/revisions"}],"predecessor-version":[{"id":4513,"href":"https:\/\/young-authentic.com\/pt-pt\/wp-json\/wp\/v2\/pages\/4247\/revisions\/4513"}],"wp:attachment":[{"href":"https:\/\/young-authentic.com\/pt-pt\/wp-json\/wp\/v2\/media?parent=4247"}],"curies":[{"name":"wp","href":"https:\/\/api.w.org\/{rel}","templated":true}]}}

<p>[et_pb_section fb_built=&#8221;1&#8243; _builder_version=&#8221;4.27.4&#8243; _module_preset=&#8221;default&#8221; background_color=&#8221;rgba(224,159,17,0.24)&#8221; global_colors_info=&#8221;{}&#8221;][et_pb_row custom_padding_last_edited=&#8221;on|desktop&#8221; _builder_version=&#8221;4.16&#8243; custom_padding=&#8221;||0px||false|false&#8221; custom_padding_tablet=&#8221;0px||0px||true|false&#8221; custom_padding_phone=&#8221;0px||0px||true|false&#8221; global_colors_info=&#8221;{}&#8221;][et_pb_column type=&#8221;4_4&#8243; _builder_version=&#8221;4.16&#8243; global_colors_info=&#8221;{}&#8221;][et_pb_text _builder_version=&#8221;4.27.4&#8243; text_font=&#8221;Gayathri|700|||||||&#8221; text_text_color=&#8221;rgba(0,132,155,0.82)&#8221; text_font_size=&#8221;28px&#8221; text_letter_spacing=&#8221;2px&#8221; global_colors_info=&#8221;{}&#8221;]</p>
<p>Faro (Aeroporto)</p>
<p>[/et_pb_text][/et_pb_column][/et_pb_row][et_pb_row _builder_version=&#8221;4.27.4&#8243; _module_preset=&#8221;default&#8221; global_colors_info=&#8221;{}&#8221;][et_pb_column type=&#8221;4_4&#8243; _builder_version=&#8221;4.27.4&#8243; _module_preset=&#8221;default&#8221; global_colors_info=&#8221;{}&#8221;][et_pb_text _builder_version=&#8221;4.27.4&#8243; _module_preset=&#8221;default&#8221; text_font=&#8221;Gayathri||||||||&#8221; text_text_color=&#8221;#633b00&#8243; text_font_size=&#8221;18px&#8221; text_letter_spacing=&#8221;2px&#8221; hover_enabled=&#8221;0&#8243; global_colors_info=&#8221;{}&#8221; sticky_enabled=&#8221;0&#8243;]</p>
<p><span style="font-weight: 400;">Faro é a capital do Algarve com uma população de cerca de 67.500 habitantes, </span><span style="font-weight: 400;"></span><span style="font-weight: 400;">situa-se a cerca de 100 quilómetros a sudeste de nós e, nos meses de verão, recebe mais turistas do que habitantes.</span><span style="font-weight: 400;"><br /></span><span style="font-weight: 400;">Por isso, há muitas ofertas/eventos. </span><span style="font-weight: 400;"></span><span style="font-weight: 400;">Encontrarás tudo o que precisas aqui.<br />Nem todas as ofertas de uma cidade estão listadas aqui.</span></p>
<p>[/et_pb_text][/et_pb_column][/et_pb_row][et_pb_row _builder_version=&#8221;4.27.4&#8243; _module_preset=&#8221;default&#8221; global_colors_info=&#8221;{}&#8221;][et_pb_column type=&#8221;4_4&#8243; _builder_version=&#8221;4.27.4&#8243; _module_preset=&#8221;default&#8221; global_colors_info=&#8221;{}&#8221;][et_pb_text _builder_version=&#8221;4.27.4&#8243; _module_preset=&#8221;default&#8221; text_font=&#8221;Gayathri||||||||&#8221; text_text_color=&#8221;#633b00&#8243; text_font_size=&#8221;18px&#8221; text_letter_spacing=&#8221;2px&#8221; global_colors_info=&#8221;{}&#8221;]</p>
<p><span style="color: rgba(0, 132, 155, 0.82);"><strong>Caraterísticas especiais</p>
<p></strong></span></p>
<ul>
<li><span style="font-weight: 400;">Aeroporto</span></li>
<li><span style="font-weight: 400;">Clínicas especializadas</span></li>
<li><span style="font-weight: 400;">Médicos especializados</span></li>
<li><span style="font-weight: 400;">IKEA</span></li>
<li><span style="font-weight: 400;">Universidade</span></li>
</ul>
<p>[/et_pb_text][/et_pb_column][/et_pb_row][/et_pb_section]</p>

<p>Faro (Aeroporto)Faro é a capital do Algarve com uma população de cerca de 67.500 habitantes, situa-se a cerca de 100 quilómetros a sudeste de nós e, nos meses de verão, recebe mais turistas do que habitantes.Por isso, há muitas ofertas/eventos. Encontrarás tudo o que precisas aqui.Nem todas as ofertas de uma cidade estão listadas aqui.Caraterísticas [&hellip;]</p>
